83 a composite number?
False
Is 56249 prime?
True
Is 8351 a prime number?
False
Is 877 composite?
False
Is 1657 prime?
True
Is 10967 prime?
False
Is 167471 a prime number?
True
Is 270835 a composite number?
True
Is 617359 prime?
True
Is 98051 a composite number?
True
Is 75913 a composite number?
False
Is 1523 prime?
True
Is 5971 prime?
False
Is 74177 prime?
True
Is 142261 a prime number?
False
Is 44477 prime?
False
Is 879851 prime?
False
Is 19531 a composite number?
False
Is 13529 a prime number?
False
Is 48715 a prime number?
False
Is 136933 composite?
True
Is 6907 prime?
True
Is 8509 prime?
False
Is 704981 composite?
True
Is 973589 composite?
True
Is 139463 a composite number?
True
Is 19529 a prime number?
False
Is 70639 prime?
True
Is 379 prime?
True
Is 73637 composite?
False
Is 41281 composite?
False
Is 71387 a prime number?
True
Is 414717 a composite number?
True
Is 2897 a composite number?
False
Is 1469011 a prime number?
False
Is 101329 a composite number?
True
Is 243091 prime?
True
Is 57919 composite?
True
Is 101947 composite?
True
Is 496777 prime?
False
Is 1399 prime?
True
Is 72139 a composite number?
False
Is 1361 a prime number?
True
Is 3353 a composite number?
True
Is 791683 composite?
True
Is 305083 prime?
False
Is 131073 a composite number?
True
Is 13261 a composite number?
True
Is 53219 composite?
True
Is 5197 prime?
True
Is 171415 prime?
False
Is 157835 composite?
True
Is 7051 prime?
False
Is 6029 composite?
False
Is 27929 a prime number?
False
Is 44531 a composite number?
False
Is 13945 a prime number?
False
Is 90962 a composite number?
True
Is 613 a prime number?
True
Is 151114 composite?
True
Is 1421639 prime?
True
Is 7754 a composite number?
True
Is 719503 composite?
False
Is 47251 composite?
False
Is 19473 prime?
False
Is 67013 composite?
True
Is 103283 a prime number?
False
Is 438907 a prime number?
False
Is 148381 prime?
True
Is 50329 composite?
False
Is 456541 a composite number?
True
Is 40403 a composite number?
True
Is 164963 a composite number?
False
Is 7151 a prime number?
True
Is 3409 a prime number?
False
Is 1673099 composite?
False
Is 15427 a composite number?
False
Is 25073 a composite number?
False
Is 39367 a prime number?
True
Is 1154689 a prime number?
False
Is 3463 composite?
False
Is 60337 a composite number?
False
Is 4073 a prime number?
True
Is 1289231 composite?
False
Is 144251 a composite number?
True
Is 2845493 a composite number?
True
Is 77213 prime?
True
Is 38953 prime?
True
Is 100103 prime?
True
Is 836267 a composite number?
False
Is 485861 prime?
False
Is 117749 a composite number?
True
Is 3805289 composite?
False
Is 753 prime?
False
Is 29905 composite?
True
Is 389 composite?
False
Is 104567 a composite number?
True
Is 1139933 a prime number?
False
Is 372119 composite?
True
Is 75889 a prime number?
False
Is 2798 a composite number?
True
Is 12047 a prime number?
False
Is 126053 a prime number?
False
Is 12523 a composite number?
True
Is 25835 prime?
False
Is 178357 composite?
True
Is 233509 a prime number?
True
Is 23061 composite?
True
Is 72491 a composite number?
True
Is 90443 prime?
False
Is 394357 prime?
True
Is 23979 a prime number?
False
Is 9407 composite?
True
Is 794 prime?
False
Is 5921 prime?
False
Is 87949 a prime number?
False
Is 89051 a prime number?
True
Is 10541 composite?
True
Is 367 prime?
True
Is 889 a composite number?
True
Is 66167 a composite number?
True
Is 23701 a composite number?
True
Is 81521 a composite number?
True
Is 1046863 composite?
False
Is 35759 prime?
True
Is 119953 composite?
False
Is 895987 prime?
True
Is 4911 a composite number?
True
Is 81919 a prime number?
True
Is 284881 a composite number?
False
Is 137069 a composite number?
True
Is 7993 a composite number?
False
Is 3877 a prime number?
True
Is 336451 a prime number?
False
Is 20789 composite?
False
Is 680489 composite?
False
Is 16817 composite?
True
Is 78401 composite?
False
Is 604397 a prime number?
True
Is 134459 prime?
False
Is 258841 a prime number?
False
Is 28463 a prime number?
True
Is 145943 prime?
False
Is 3229 prime?
True
Is 267 prime?
False
Is 399043 a composite number?
False
Is 191969 composite?
False
Is 2359 prime?
False
Is 2291 a composite number?
True
Is 1382647 a prime number?
False
Is 409957 a prime number?
False
Is 140213 a prime number?
False
Is 251 a prime number?
True
Is 355811 a prime number?
True
Is 113401 composite?
True
Is 3489 a prime number?
False
Is 174073 a prime number?
False
Is 436454 a composite number?
True
Is 12451 a composite number?
False
Is 45259 prime?
True
Is 142 composite?
True
Is 83822 prime?
False
Is 12421 a prime number?
True
Is 2579 a composite number?
False
Is 28349 a prime number?
True
Is 414311 a prime number?
True
Is 25199 prime?
False
Is 22871 prime?
True
Is 2521 a prime number?
True
Is 126818 composite?
True
Is 140809 prime?
False
Is 16429 prime?
False
Is 426611 prime?
True
Is 355193 a prime number?
True
Is 26669 composite?
False
Is 250103 a prime number?
False
Is 980887 a prime number?
True
Is 319 composite?
True
Is 1530583 prime?
False
Is 2099 prime?
True
Is 38543 a prime number?
True
Is 288005 a composite number?
True
Is 101581 a composite number?
False
Is 1317299 a composite number?
False
Is 124067 composite?
False
Is 62119 prime?
True
Is 2699 a prime number?
True
Is 9599 composite?
True
Is 226427 a composite number?
False
Is 223241 prime?
True
Is 4091 composite?
False
Is 40027 composite?
True
Is 705389 prime?
True
Is 802543 a prime number?
False
Is 32061 a composite number?
True
Is 17783 prime?
True
Is 206969 prime?
False
Is 278231 composite?
True
Is 207227 a composite number?
False
Is 89443 a prime number?
True
Is 8951 composite?
False
Is 6947 prime?
True
Is 1066871 prime?
False
Is 67003 a prime number?
True
Is 15242 composite?
True
Is 112139 composite?
False
Is 1270049 composite?
True
Is 796435 a prime number?
False
Is 1437 composite?
True
Is 3299 a composite number?
False
Is 50441 composite?
False
Is 101627 a prime number?
True
Is 1943 a prime number?
False
Is 1563 a prime number?
False
Is 712463 prime?
False
Is 593 a composite number?
False
Is 7342 a composite number?
True
Is 919 a prime number?
True
Is 2768627 a prime number?
True
Is 90641 prime?
True
Is 91303 composite?
False
Is 37841 composite?
True
Is 53489 a prime number?
False
Is 336597 a prime number?
False
Is 18013 a prime number?
True
Is 3389 prime?
True
Is 98837 prime?
True
Is 1697347 prime?
True
Is 76163 prime?
True
Is 5462261 a composite number?
True
Is 31733 composite?
True
Is 11351 a composite number?
False
Is 8923 prime?
True
Is 102269 composite?
True
Is 31303 a prime number?
False
Is 683759 a composite number?
False
Is 5461 a prime number?
False
Is 455701 a prime number?
True
Is 5183 a composite number?
True
Is 3913213 composite?
True
Is 398087 a prime number?
True
Is 55985 prime?
False
Is 10999 a prime number?
False
Is 17327 a composite number?
False
Is 419194 a prime number?
False
Is 3037 a composite number?
False
Is 5627 a composite number?
True
Is 123593 a prime number?
True
Is 39323 a prime number?
True
Is 45393 composite?
True
Is 2400821 a composite number?
True
Is 1713161 prime?
False
Is 185593 a prime number?
True
Is 6521 composite?
False
Is 3314 composite?
True
Is 89 a prime number?
True
Is 145085 prime?
False
Is 1507777 composite?
True
Is 33083 composite?
False
Is 70739 a prime number?
False
Is 261473 composite?
True
Is 22567 a prime number?
True
Is 346589 a composite number?
False
Is 28051 a composite number?
False
Is 279637 a prime number?
True
Is 125591 prime?
True
Is 499 composite?
False
Is 557045 prime?
False
Is 88414 a composite number?
True
Is 110221 prime?
True
Is 93077 composite?
False
Is 293 a prime number?
True
Is 907 prime?
True
Is 7379 a prime number?
False
Is 67339 composite?
False
Is 8999 a composite number?
False
Is 45007 a prime number?
True
Is 3037 a prime number?
True
Is 27887 a prime number?
False
Is 76071 prime?
False
Is 10831 composite?
False
Is 13081 prime?
False
Is 43667 a composite number?
True
Is 301787 a composite number?
True
Is 2841 prime?
False
Is 76303 composite?
False
Is 88805 composite?
True
Is 68207 a composite number?
False
Is 29657 a prime number?
False
Is 46651 a prime number?
False
Is 2798437 a composite number?
False
Is 107641 a prime n